h - 9*v + 10*v + 161 = 0, 3*v - 3 = 0. Let p be 4/6*2619/18. Let o = h + p. What is the remainder when 171 is divided by o?
42
Suppose -92 + 382 = 10*m. Let l = -3 - -5. Suppose -l*w = -w - 10. Calculate the remainder when m is divided by w.
9
Suppose -11*o + 37*o = 5746. Let t = o + -208. What is the remainder when 101 is divided by t?
10
Let w(n) = 12*n**2 + 3*n + 2. Let m be (-20)/14 - (-5)/(-35)*-3. Let z = 39 + -35. What is the remainder when w(m) is divided by z?
3
Calculate the remainder when 544 is divided by ((-7)/3)/(1963/(-234) + (-72)/(-9)).
4
Suppose 0 = -90*j + 24*j + 5412. What is the remainder when 7542 is divided by j?
80
Suppose 5*g = 2*g - 3*o - 21, -3*g - 2*o = 17. Let f = 10 + -19. What is the remainder when 62 is divided by 39/f*g + 3?
14
Suppose -29*f + 630 = 13*f. Calculate the remainder when 1663 is divided by f.
13
Let g = -3328 - -4125. Calculate the remainder when g is divided by 263.
8
Let v = 87 + -54. Let z = 856 + -848. What is the remainder when v is divided by z*51/12*3/6?
16
What is the remainder when 117 is divided by (-33*(-2)/(-36))/(4/(-24))?
7
Let z be -2 - -2 - (0 + -5). Suppose -18 = -k - z*k. Suppose -2*i - 539 = -7*i + 3*d, 0 = -d - k. What is the remainder when i is divided by 27?
25
Let o be 14/21 - (-86)/6. Let g(x) = x**3 - 14*x**2 - 15*x - 30. Let w be g(o). What is the remainder when (-147)/(-5) - w/(-75) is divided by 11?
7
Suppose 11*f + 1566 = 23*f + 17*f. What is the remainder when 423 is divided by f?
45
What is the remainder when 354 is divided by (0 - (-120)/9) + -3*(-15)/27?
9
Let k(o) = -11*o**3 + 9*o**2 - 5*o + 9. Let x be k(-7). Suppose -19*b + x = 1503. What is the remainder when b is divided by 75?
70
Let m = 719 - 314. Let l = 975 + -917. Calculate the remainder when m is divided by l.
57
Let u = 42 - 37. Suppose 2*c - u = 11. Let m = c - -1. Calculate the remainder when 34 is divided by m.
7
Let b(n) = n**3 - 32*n**2 + 19*n - 251. Suppose -17*f + 50 = -12*f. Calculate the remainder when b(32) is divided by f.
7
Suppose 3*d = -5*t + 162 + 17, 4*t = -5*d + 294. What is the remainder when (22 + d)*(2 + 0) is divided by 41?
37
Suppose 0 = -3*o + 3*t + 570, -t - 376 = 375*o - 377*o. What is the remainder when 1121 is divided by o?
5
Let t be (3 + -2)*11 - 6. Calculate the remainder when t - -21 - (-10)/2 is divided by 6.
1
Let z = 589 - -2031. Calculate the remainder when z is divided by 138.
136
Let p be (-1 + -5)*(-50)/4. Let n be (-6)/9*(-1065)/(-10). Let x = n + p. What is the remainder when 9 is divided by x?
1
Suppose 5314 = 122*j - 6032. Calculate the remainder when 836 is divided by j.
92
Let g(r) = -394*r - 1919. What is the remainder when 13153 is divided by g(-5)?
46
Let n = 328 + -324. Suppose -n*i = 5*u - 422, 7 - 121 = -i + 3*u. What is the remainder when i is divided by 37?
34
Let m = 21444 + -20451. What is the remainder when m is divided by 218?
121
Suppose -110470 - 69745 = -39*x - 56*x. Calculate the remainder when x is divided by 82.
11
Let v = -49 - 3. Let h = 55 + v. Suppose -3*n + m = -0*m - 23, -4 = -4*n - 4*m. Calculate the remainder when n is divided by h.
0
What is the remainder when 521 is divided by (-718)/(-34) + 12 - 4/34?
26
Let r(k) = k**2 - 13*k + 5. Let x be r(17). Suppose -17*p + 488 = -x. Calculate the remainder when p is divided by 19.
14
Let c = 4697 - 4685. Calculate the remainder when 1475 is divided by c.
11
Let f(q) = 15*q + 48. Let x(y) = -16*y - 45. Let v(n) = 6*f(n) + 5*x(n). Calculate the remainder when 4/(-3)*(-1 + -2) is divided by v(-6).
1
Calculate the remainder when 3519 is divided by (-812)/(-1421)*(81 + -2 - (0 + 2)).
43
Let h(y) = -y**3 - 6*y**2 - 20*y - 5. What is the remainder when 382 is divided by h(-4)?
38
Let b = -3982 + 4450. What is the remainder when b is divided by 42?
6
Let m(w) = -w**2 - 50*w + 27. What is the remainder when 273 is divided by m(-48)?
27
Let f(t) = -t**3 - 48*t**2 + 43*t - 271. What is the remainder when 2826 is divided by f(-49)?
20
Let l = -4 - -8. Let d(n) = 44*n + 11. Let o be d(4). Let s = -172 + o. What is the remainder when s is divided by l?
3
Let l = -7826 - -8462. Calculate the remainder when l is divided by 206.
18
Suppose -2*d = -11*i + 9*i - 3004, -4504 = -3*d + 5*i. Calculate the remainder when d is divided by 23.
8
Let c = -34 + 74. Calculate the remainder when 84/4 + 245 + 330 is divided by c.
36
Let i(x) = 5*x - 1. Let a be i(1). What is the remainder when 54 is divided by 90/4 + (-10)/a + 4?
6
Suppose 0 = -2*s + 4*o + 934 - 156, -347 = -s - 4*o. Calculate the remainder when 1145 is divided by s.
20
Suppose 1232 = -52*w + 68*w. Calculate the remainder when 216 is divided by w.
62
Suppose -3*u + 3714 = 6*k, 677 = -3*k + 4*u + 2534. Calculate the remainder when k is divided by 9.
7
Let c(v) = 228*v - 1780. What is the remainder when c(13) is divided by 85?
79
Suppose 27*h - 559 = 656. What is the remainder when 340 is divided by h?
25
Let o = -2456 + 2482. What is the remainder when 1766 is divided by o?
24
Suppose 178 + 306 = -r - 4*n, 5*r - 4*n + 2324 = 0. Let m = -443 - r. Calculate the remainder when (-1 - -34)/((-1)/(-3)) is divided by m.
24
Let b = 171 - 168. Let a be 16/5 + (-2)/10. Suppose -a*u + 3*s + b = 0, -4*u + 2*s - 1 = -11. What is the remainder when 13 is divided by u?
1
Let x(q) = 5*q + 15. Let u(j) = 4*j + 13. Let i(z) = 6*u(z) - 5*x(z). Calculate the remainder when 56 is divided by i(-23).
4
Let p be 196/18 - 30/(-27). Calculate the remainder when (0 - -2) + 1*67 is divided by (4 - 31)/(p/(-8)).
15
Let z(j) = -2*j**3 - 12*j**2 + 2*j - 45. What is the remainder when z(-9) is divided by 160?
103
Let u = 1817 + -1806. Calculate the remainder when 2947 is divided by u.
10
Let y = 5059 - 3472. Suppose 0 = 29*j - y - 530. Calculate the remainder when 130 is divided by j.
57
Let f be 4/14 + (-26)/(-7). Suppose 0 = -0*b - b + 4*a + 7, -4*a = f*b - 128. Calculate the remainder when b is divided by 12 - (-6)/4*(13 - 11).
12
Let j(f) = -3*f + 17. Suppose 5*v + 3 = 8*v. Suppose -g - 1 - v = 5*u, 5*u - 7 = -4*g. What is the remainder when j(g) is divided by 5?
3
Suppose 10026 = 4*f - 3*u, 15*f - 23*f + 2*u = -20076. What is the remainder when f is divided by 11?
3
Let v be -3 - (-144)/42 - (-52)/(-7). Let w be (-9 - v)*2/(-4). What is the remainder when (17/(-2))/((1/(-6))/w) is divided by 13?
12
Let x(z) = -2*z**3 - 88*z**2 + 28*z + 1247. What is the remainder when 14351 is divided by x(-44)?
11
Suppose 0 = -205*b + 206*b - 367. Calculate the remainder when b is divided by 127.
113
Suppose 19 = c - 5*p, -11 = 2*c + 5*p - 79. What is the remainder when 71 + 0 - (-6 + 4) is divided by c?
15
Suppose -104*q = -99*q - 1555. Calculate the remainder when q is divided by 13.
12
Let n be 198/4*(-12)/9. Let r(i) = -2*i. What is the remainder when (n/(-4) + -3)*2/1 is divided by r(-7)?
13
Suppose 6*h = -5*c - 2308 + 7761, 5*c - 4545 = -5*h. Calculate the remainder when h is divided by 27.
17
Suppose 10 = 2*r, -54*d - 3*r + 8395 = -49*d. Calculate the remainder when d is divided by 28.
24
Suppose 4*r + 478 = 2*i, i - 4*r - 239 = -0*r. Calculate the remainder when i is divided by 40.
39
Let s be 61 + 2 + -2 - (16 + -12). Suppose -11*o = s - 838. What is the remainder when 137 is divided by o?
66
Let u = -17 + 34. Let j = u + -4. Suppose 0 = -8*b + j*b - 390. Calculate the remainder when b is divided by 10.
8
Suppose t - 5 = 29*q - 27*q, 3*t = 4*q + 9. What is the remainder when 127 is divided by (q + 0)*(-288)/27?
31
Let d = -11306 - -11332. What is the remainder when (-4 + 3)/((-1)/332) is divided by d?
20
Let h(s) = -16*s**2 + 199*s - 200. Calculate the remainder when 986 is divided by h(10).
36
Suppose 6*i = 2*i + 64. Let n = -16781 - -16837. What is the remainder when n is divided by i?
8
Let x(v) = -v**3 + 17*v**2 + 84*v + 199. Calculate the remainder when 627 is divided by x(21).
30
Let i = 1372 - 1357. Suppose -q - 3*q + 393 = 3*n, 2*n = -10. What is the remainder when q is divided by i?
12
Suppose 4*j + 9*s = 7*s + 798, s = -4*j + 799. Let f be -61 - (3 - (3 + 1)). Let o = f + j. Calculate the remainder when o is divided by 11.
8
Let d(f) = 15*f. Let y = -425 - -419. Calculate the remainder when d(6) is divided by (-1)/(-9) + (-850)/(-45) + y.
12
Let p = 74 - 75. Calculate the rema